{"id":27,"date":"2020-09-14T16:07:32","date_gmt":"2020-09-14T14:07:32","guid":{"rendered":"http:\/\/www.honke-kfz.de\/?page_id=27"},"modified":"2020-09-15T15:20:54","modified_gmt":"2020-09-15T13:20:54","slug":"herzlich-willkommen-bei","status":"publish","type":"page","link":"https:\/\/www.honke-kfz.de\/","title":{"rendered":"Herzlich Willkommen bei"},"content":{"rendered":"\n<figure class=\"wp-block-image alignwide size-large\"><img loading=\"lazy\" decoding=\"async\" width=\"1024\" height=\"369\" src=\"http:\/\/www.honke-kfz.de\/wp-content\/uploads\/2020\/09\/header_2020-09-1024x369.jpg\" alt=\"\" class=\"wp-image-61\" srcset=\"https:\/\/www.honke-kfz.de\/wp-content\/uploads\/2020\/09\/header_2020-09-1024x369.jpg 1024w, https:\/\/www.honke-kfz.de\/wp-content\/uploads\/2020\/09\/header_2020-09-300x108.jpg 300w, https:\/\/www.honke-kfz.de\/wp-content\/uploads\/2020\/09\/header_2020-09-768x277.jpg 768w, https:\/\/www.honke-kfz.de\/wp-content\/uploads\/2020\/09\/header_2020-09-1536x554.jpg 1536w, https:\/\/www.honke-kfz.de\/wp-content\/uploads\/2020\/09\/header_2020-09-2048x739.jpg 2048w\" sizes=\"auto, (max-width: 1024px) 100vw, 1024px\" \/><\/figure>\n\n\n\n<h2 class=\"wp-block-heading\">Herzlich Willkommen<\/h2>\n\n\n\n<p>Das Team von Honke-KFZ begr\u00fc\u00dft Sie recht herzlich!<br>Wir k\u00fcmmern uns gerne um die Weh-weh-chen Ihres Fahrzeugs, vom \u00d6lwechsel bis hin zu verschiedenen Reparaturen.<br><br>Falls Ihr Fahrzeug noch ein paar Upgrades vertragen kann, beraten wir Sie gerne \u00fcber die M\u00f6glichkeiten<br> <\/p>\n\n\n\n<div class=\"wp-block-columns is-layout-flex wp-container-core-columns-is-layout-9d6595d7 wp-block-columns-is-layout-flex\">\n<div class=\"wp-block-column is-layout-flow wp-block-column-is-layout-flow\">\n<h2 class=\"wp-block-heading\">KFZ-Service<\/h2>\n\n\n\n<figure class=\"wp-block-image size-large\"><img loading=\"lazy\" decoding=\"async\" width=\"1024\" height=\"501\" src=\"http:\/\/www.honke-kfz.de\/wp-content\/uploads\/2020\/09\/KFZservice-1024x501.jpg\" alt=\"\" class=\"wp-image-57\" srcset=\"https:\/\/www.honke-kfz.de\/wp-content\/uploads\/2020\/09\/KFZservice-1024x501.jpg 1024w, https:\/\/www.honke-kfz.de\/wp-content\/uploads\/2020\/09\/KFZservice-300x147.jpg 300w, https:\/\/www.honke-kfz.de\/wp-content\/uploads\/2020\/09\/KFZservice-768x376.jpg 768w, https:\/\/www.honke-kfz.de\/wp-content\/uploads\/2020\/09\/KFZservice-1536x752.jpg 1536w, https:\/\/www.honke-kfz.de\/wp-content\/uploads\/2020\/09\/KFZservice.jpg 1600w\" sizes=\"auto, (max-width: 1024px) 100vw, 1024px\" \/><\/figure>\n\n\n\n<p>zu unserem Service geh\u00f6ren <\/p>\n\n\n\n<ul class=\"wp-block-list\"><li>\u00d6lwechsel<\/li><li>Reifenwechsel<\/li><li>Reifeneinlagerung<\/li><li>Reparaturen<\/li><li>T\u00dcV Vorbereitung<\/li><\/ul>\n<\/div>\n\n\n\n<div class=\"wp-block-column is-layout-flow wp-block-column-is-layout-flow\">\n<h2 class=\"wp-block-heading\"><\/h2>\n<\/div>\n<\/div>\n\n\n\n<div class=\"wp-block-columns is-layout-flex wp-container-core-columns-is-layout-9d6595d7 wp-block-columns-is-layout-flex\">\n<div class=\"wp-block-column is-layout-flow wp-block-column-is-layout-flow\">\n<h2 class=\"wp-block-heading\">Kameranachr\u00fcstung<\/h2>\n\n\n\n<figure class=\"wp-block-image size-large\"><img loading=\"lazy\" decoding=\"async\" width=\"1024\" height=\"501\" src=\"http:\/\/www.honke-kfz.de\/wp-content\/uploads\/2020\/09\/FotoFolgt-1024x501.jpg\" alt=\"\" class=\"wp-image-58\" srcset=\"https:\/\/www.honke-kfz.de\/wp-content\/uploads\/2020\/09\/FotoFolgt-1024x501.jpg 1024w, https:\/\/www.honke-kfz.de\/wp-content\/uploads\/2020\/09\/FotoFolgt-300x147.jpg 300w, https:\/\/www.honke-kfz.de\/wp-content\/uploads\/2020\/09\/FotoFolgt-768x376.jpg 768w, https:\/\/www.honke-kfz.de\/wp-content\/uploads\/2020\/09\/FotoFolgt-1536x752.jpg 1536w, https:\/\/www.honke-kfz.de\/wp-content\/uploads\/2020\/09\/FotoFolgt.jpg 1600w\" sizes=\"auto, (max-width: 1024px) 100vw, 1024px\" \/><\/figure>\n\n\n\n<p>Lorem ipsum dolor sit amet, consectetur adipiscing elit. Nullam sit amet metus a massa vulputate pharetra sagittis et ex. Nullam sed ligula quis nulla suscipit pellentesque. Integer facilisis mauris vel turpis congue ullamcorper. Donec dignissim dapibus sollicitudin. Quisque feugiat purus lacus, sed pharetra mi pharetra non. Quisque tincidunt magna commodo rutrum euismod. Curabitur eu ante vel nibh rutrum convallis non nec eros. Donec fermentum pharetra feugiat. Sed accumsan sapien id erat efficitur commodo. Morbi eu viverra nunc, at bibendum ipsum.<\/p>\n<\/div>\n\n\n\n<div class=\"wp-block-column is-layout-flow wp-block-column-is-layout-flow\">\n<h2 class=\"wp-block-heading\">Camperumbauten<\/h2>\n\n\n\n<figure class=\"wp-block-image size-large\"><img loading=\"lazy\" decoding=\"async\" width=\"1024\" height=\"501\" src=\"http:\/\/www.honke-kfz.de\/wp-content\/uploads\/2020\/09\/FotoFolgt-1024x501.jpg\" alt=\"\" class=\"wp-image-58\" srcset=\"https:\/\/www.honke-kfz.de\/wp-content\/uploads\/2020\/09\/FotoFolgt-1024x501.jpg 1024w, https:\/\/www.honke-kfz.de\/wp-content\/uploads\/2020\/09\/FotoFolgt-300x147.jpg 300w, https:\/\/www.honke-kfz.de\/wp-content\/uploads\/2020\/09\/FotoFolgt-768x376.jpg 768w, https:\/\/www.honke-kfz.de\/wp-content\/uploads\/2020\/09\/FotoFolgt-1536x752.jpg 1536w, https:\/\/www.honke-kfz.de\/wp-content\/uploads\/2020\/09\/FotoFolgt.jpg 1600w\" sizes=\"auto, (max-width: 1024px) 100vw, 1024px\" \/><\/figure>\n\n\n\n<p>Lorem ipsum dolor sit amet, consectetur adipiscing elit. Nullam sit amet metus a massa vulputate pharetra sagittis et ex. Nullam sed ligula quis nulla suscipit pellentesque. Integer facilisis mauris vel turpis congue ullamcorper. Donec dignissim dapibus sollicitudin. Quisque feugiat purus lacus, sed pharetra mi pharetra non. <\/p>\n<\/div>\n<\/div>\n\n\n\n<div class=\"wp-block-columns is-layout-flex wp-container-core-columns-is-layout-9d6595d7 wp-block-columns-is-layout-flex\">\n<div class=\"wp-block-column is-layout-flow wp-block-column-is-layout-flow\">\n<h2 class=\"wp-block-heading\">Luftfahrwerke &amp;<br>Hinterachsverst\u00e4rkung<\/h2>\n\n\n\n<figure class=\"wp-block-image size-large\"><img loading=\"lazy\" decoding=\"async\" width=\"1024\" height=\"501\" src=\"http:\/\/www.honke-kfz.de\/wp-content\/uploads\/2020\/09\/FotoFolgt-1024x501.jpg\" alt=\"\" class=\"wp-image-58\" srcset=\"https:\/\/www.honke-kfz.de\/wp-content\/uploads\/2020\/09\/FotoFolgt-1024x501.jpg 1024w, https:\/\/www.honke-kfz.de\/wp-content\/uploads\/2020\/09\/FotoFolgt-300x147.jpg 300w, https:\/\/www.honke-kfz.de\/wp-content\/uploads\/2020\/09\/FotoFolgt-768x376.jpg 768w, https:\/\/www.honke-kfz.de\/wp-content\/uploads\/2020\/09\/FotoFolgt-1536x752.jpg 1536w, https:\/\/www.honke-kfz.de\/wp-content\/uploads\/2020\/09\/FotoFolgt.jpg 1600w\" sizes=\"auto, (max-width: 1024px) 100vw, 1024px\" \/><\/figure>\n\n\n\n<p>Lorem ipsum dolor sit amet, consectetur adipiscing elit. Nullam sit amet metus a massa vulputate pharetra sagittis et ex. Nullam sed ligula quis nulla suscipit pellentesque. Integer facilisis mauris vel turpis congue ullamcorper. Donec dignissim dapibus sollicitudin. <\/p>\n<\/div>\n\n\n\n<div class=\"wp-block-column is-layout-flow wp-block-column-is-layout-flow\">\n<h2 class=\"wp-block-heading\">Regalnachr\u00fcstung &amp;<br>Regalsysteme<\/h2>\n\n\n\n<figure class=\"wp-block-image size-large\"><img loading=\"lazy\" decoding=\"async\" width=\"1024\" height=\"501\" src=\"http:\/\/www.honke-kfz.de\/wp-content\/uploads\/2020\/09\/FotoFolgt-1024x501.jpg\" alt=\"\" class=\"wp-image-58\" srcset=\"https:\/\/www.honke-kfz.de\/wp-content\/uploads\/2020\/09\/FotoFolgt-1024x501.jpg 1024w, https:\/\/www.honke-kfz.de\/wp-content\/uploads\/2020\/09\/FotoFolgt-300x147.jpg 300w, https:\/\/www.honke-kfz.de\/wp-content\/uploads\/2020\/09\/FotoFolgt-768x376.jpg 768w, https:\/\/www.honke-kfz.de\/wp-content\/uploads\/2020\/09\/FotoFolgt-1536x752.jpg 1536w, https:\/\/www.honke-kfz.de\/wp-content\/uploads\/2020\/09\/FotoFolgt.jpg 1600w\" sizes=\"auto, (max-width: 1024px) 100vw, 1024px\" \/><\/figure>\n\n\n\n<p>Lorem ipsum dolor sit amet, consectetur adipiscing elit. Nullam sit amet metus a massa vulputate pharetra sagittis et ex. Nullam sed ligula quis nulla suscipit pellentesque. Integer facilisis mauris vel turpis congue ullamcorper. Donec dignissim dapibus sollicitudin. Quisque feugiat purus lacus, sed pharetra mi pharetra non. Quisque tincidunt magna commodo rutrum euismod. Curabitur eu ante vel nibh rutrum convallis non nec eros. Donec fermentum pharetra feugiat. Sed accumsan sapien id erat efficitur commodo. Morbi eu viverra nunc, at bibendum ipsum.<\/p>\n<\/div>\n<\/div>\n\n\n\n<h2 class=\"wp-block-heading\">Ihr Weg zu uns<\/h2>\n\n\n\n<div class=\"wp-block-columns is-layout-flex wp-container-core-columns-is-layout-9d6595d7 wp-block-columns-is-layout-flex\">\n<div class=\"wp-block-column is-layout-flow wp-block-column-is-layout-flow\" style=\"flex-basis:33.33%\">\n<h4 class=\"wp-block-heading\"><strong>HONKE KFZ Tuning &amp; Montageservice<\/strong><\/h4>\n\n\n\n<p>Tegelbreite 3<br>93170 Bernhardswald \/ Regensburg<\/p>\n\n\n\n<p>mobil: 0162 \/ 780 25 43<br>www.honke-kfz.de<br>info@honke-kfz.de<\/p>\n\n\n\n<p><strong>Gerne beantworten wir auch individuelle Anfragen!<\/strong><\/p>\n<\/div>\n\n\n\n<div class=\"wp-block-column is-layout-flow wp-block-column-is-layout-flow\" style=\"flex-basis:66.66%\">\n<figure class=\"wp-block-image size-large\"><a href=\"http:\/\/www.honke-kfz.de\/wp-content\/uploads\/2020\/09\/HONKEkfz_Anfahrtsskizze-2020web.jpg\"><img loading=\"lazy\" decoding=\"async\" width=\"1024\" height=\"614\" src=\"http:\/\/www.honke-kfz.de\/wp-content\/uploads\/2020\/09\/HONKEkfz_Anfahrtsskizze-2020web-1024x614.jpg\" alt=\"\" class=\"wp-image-22\" srcset=\"https:\/\/www.honke-kfz.de\/wp-content\/uploads\/2020\/09\/HONKEkfz_Anfahrtsskizze-2020web-1024x614.jpg 1024w, https:\/\/www.honke-kfz.de\/wp-content\/uploads\/2020\/09\/HONKEkfz_Anfahrtsskizze-2020web-300x180.jpg 300w, https:\/\/www.honke-kfz.de\/wp-content\/uploads\/2020\/09\/HONKEkfz_Anfahrtsskizze-2020web-768x461.jpg 768w, https:\/\/www.honke-kfz.de\/wp-content\/uploads\/2020\/09\/HONKEkfz_Anfahrtsskizze-2020web-1536x922.jpg 1536w, https:\/\/www.honke-kfz.de\/wp-content\/uploads\/2020\/09\/HONKEkfz_Anfahrtsskizze-2020web.jpg 2000w\" sizes=\"auto, (max-width: 1024px) 100vw, 1024px\" \/><\/a><figcaption>zum vergr\u00f6\u00dfern einfach anklicken<\/figcaption><\/figure>\n<\/div>\n<\/div>\n\n\n\n<h2 class=\"wp-block-heading\">unsere Partner<\/h2>\n\n\n<div class=\"n2-section-smartslider fitvidsignore  n2_clear\" data-ssid=\"2\" tabindex=\"0\" role=\"region\" aria-label=\"Slider\"><div id=\"n2-ss-2-align\" class=\"n2-ss-align\"><div class=\"n2-padding\"><div id=\"n2-ss-2\" data-creator=\"Smart Slider 3\" data-responsive=\"auto\" class=\"n2-ss-slider n2-ow n2-has-hover n2notransition  \">\n\n\n\n<div class=\"n2-ss-slider-wrapper-outside\" style=\"grid-template-rows:1fr auto\"><div class=\"n2-ss-slider-wrapper-inside\">\n        <div class=\"n2-ss-slider-1 n2_ss__touch_element n2-ow\">\n            <div class=\"n2-ss-slider-2 n2-ow\">\n                                                <div class=\"n2-ss-slider-3 n2-ow\">\n\n                    <div class=\"n2-ss-slide-backgrounds n2-ow-all\"><div class=\"n2-ss-slide-background\" data-public-id=\"1\" data-mode=\"fill\"><div data-gradient=\"horizontal\" data-color-start=\"RGBA(236,195,31,1)\" data-color-end=\"RGBA(0,114,210,1)\" style=\"background:linear-gradient(to right, RGBA(236,195,31,1) 0%,RGBA(0,114,210,1) 100%);\" class=\"n2-ss-slide-background-color\"><\/div><\/div><div class=\"n2-ss-slide-background\" data-public-id=\"2\" data-mode=\"fill\" aria-hidden=\"true\"><div data-gradient=\"horizontal\" data-color-start=\"RGBA(0,114,210,1)\" data-color-end=\"RGBA(253,2,45,1)\" style=\"background:linear-gradient(to right, RGBA(0,114,210,1) 0%,RGBA(253,2,45,1) 100%);\" class=\"n2-ss-slide-background-color\"><\/div><\/div><\/div>                    <div class=\"n2-ss-slider-4 n2-ow\">\n                        <svg xmlns=\"http:\/\/www.w3.org\/2000\/svg\" viewBox=\"0 0 1300 600\" data-related-device=\"desktopPortrait\" class=\"n2-ow n2-ss-preserve-size n2-ss-preserve-size--slider n2-ss-slide-limiter\"><\/svg><div data-first=\"1\" data-slide-duration=\"0\" data-id=\"5\" data-slide-public-id=\"1\" data-title=\"extremesound\" class=\"n2-ss-slide n2-ow  n2-ss-slide-5\"><div role=\"note\" class=\"n2-ss-slide--focus\" tabindex=\"-1\">extremesound<\/div><div class=\"n2-ss-layers-container n2-ss-slide-limiter n2-ow\"><div class=\"n2-ss-layer n2-ow n-uc-W2737liOzJwT\" data-sstype=\"slide\" data-pm=\"default\"><div class=\"n2-ss-layer n2-ow n-uc-119f66eb31e42\" data-pm=\"default\" data-sstype=\"content\" data-hasbackground=\"0\"><div class=\"n2-ss-section-main-content n2-ss-layer-with-background n2-ss-layer-content n2-ow n-uc-119f66eb31e42-inner\"><div class=\"n2-ss-layer n2-ow n2-ss-layer--block n2-ss-has-self-align n-uc-12b77186b1328\" data-pm=\"normal\" data-sstype=\"row\"><div class=\"n2-ss-layer-row n2-ss-layer-with-background n-uc-12b77186b1328-inner\"><div class=\"n2-ss-layer-row-inner \"><div class=\"n2-ss-layer n2-ow n-uc-15555616c1ac0\" data-pm=\"default\" data-sstype=\"col\"><div class=\"n2-ss-layer-col n2-ss-layer-with-background n2-ss-layer-content n-uc-15555616c1ac0-inner\"><div class=\"n2-ss-layer n2-ow n-uc-WlXyp3QUdOAk\" data-pm=\"normal\" data-sstype=\"layer\"><h2 id=\"n2-ss-2item1\" class=\"n2-font-d81fb14cf010d1f05125ca02c2229b9c-hover   n2-ss-item-content n2-ss-text n2-ow\" style=\"display:block;\">extreme sound Regensburg<\/h2><\/div><div class=\"n2-ss-layer n2-ow n-uc-MftUdTxaK0Nx\" data-pm=\"normal\" data-sstype=\"layer\"><div class=\"n2-ss-item-content n2-ss-text n2-ow-all\"><div class=\"\"><p class=\"n2-font-c4d2ce81304aa3c34954426cc2a83b8b-paragraph   \">Wir lassen Ihr Herz h\u00f6her schlagen!<br \/>\nSpezialist f\u00fcr Showeinbauten, Navigationssysteme, Lautsprecher, Fahrwer, Felgen, Tuning usw.<\/p>\n<p class=\"n2-font-c4d2ce81304aa3c34954426cc2a83b8b-paragraph   \">Besuchen Sie uns auf:<\/p>\n<\/div><\/div><\/div><div class=\"n2-ss-layer n2-ow n-uc-IHK2ZizRoBVI n2-ss-layer--auto\" data-pm=\"normal\" data-sstype=\"layer\"><div class=\"n2-ss-button-container n2-ss-item-content n2-ow n2-font-93a57d49013f78d4d1e4e01c03592f27-link  n2-ss-nowrap n2-ss-button-container--non-full-width\"><a class=\"n2-style-1a5b74c1a070e82bad8ed3dfd9217329-heading  n2-ow \" target=\"_blank\" href=\"https:\/\/www.extreme-sound.de\"><div><div>www.extreme-sound.de<\/div><\/div><\/a><\/div><\/div><\/div><\/div><div class=\"n2-ss-layer n2-ow n-uc-14babe20e1197\" data-pm=\"default\" data-sstype=\"col\"><div class=\"n2-ss-layer-col n2-ss-layer-with-background n2-ss-layer-content n-uc-14babe20e1197-inner\"><div class=\"n2-ss-layer n2-ow n-uc-Dw3Z3qJQ0NEY\" data-pm=\"normal\" data-sstype=\"layer\"><div class=\" n2-ss-item-image-content n2-ss-item-content n2-ow-all\"><img loading=\"lazy\" decoding=\"async\" id=\"n2-ss-2item4\" alt=\"\" class=\"skip-lazy\" width=\"1600\" height=\"756\" data-skip-lazy=\"1\" src=\"\/\/www.honke-kfz.de\/wp-content\/uploads\/2020\/09\/cropped-extremeSound_CHT_logo-3.png\" \/><\/div><\/div><\/div><\/div><\/div><\/div><\/div><\/div><\/div><\/div><\/div><\/div><div data-slide-duration=\"0\" data-id=\"3\" data-slide-public-id=\"2\" aria-hidden=\"true\" data-title=\"SKT\" class=\"n2-ss-slide n2-ow  n2-ss-slide-3\"><div role=\"note\" class=\"n2-ss-slide--focus\" tabindex=\"-1\">SKT<\/div><div class=\"n2-ss-layers-container n2-ss-slide-limiter n2-ow\"><div class=\"n2-ss-layer n2-ow n-uc-odqOtLJYBjPK\" data-sstype=\"slide\" data-pm=\"default\"><div class=\"n2-ss-layer n2-ow n-uc-19001ef738de1\" data-pm=\"default\" data-sstype=\"content\" data-hasbackground=\"0\"><div class=\"n2-ss-section-main-content n2-ss-layer-with-background n2-ss-layer-content n2-ow n-uc-19001ef738de1-inner\"><div class=\"n2-ss-layer n2-ow n2-ss-layer--block n2-ss-has-self-align n-uc-180f0b0bfd71d\" data-pm=\"normal\" data-sstype=\"row\"><div class=\"n2-ss-layer-row n2-ss-layer-with-background n-uc-180f0b0bfd71d-inner\"><div class=\"n2-ss-layer-row-inner \"><div class=\"n2-ss-layer n2-ow n-uc-1ee0db941a48b\" data-pm=\"default\" data-sstype=\"col\"><div class=\"n2-ss-layer-col n2-ss-layer-with-background n2-ss-layer-content n-uc-1ee0db941a48b-inner\"><div class=\"n2-ss-layer n2-ow n-uc-7NU16V22Ni2w\" data-pm=\"normal\" data-sstype=\"layer\"><h2 id=\"n2-ss-2item5\" class=\"n2-font-d81fb14cf010d1f05125ca02c2229b9c-hover   n2-ss-item-content n2-ss-text n2-ow\" style=\"display:block;\">SKT Regensburg<\/h2><\/div><div class=\"n2-ss-layer n2-ow n-uc-FHhGKvM5K2g0\" data-pm=\"normal\" data-sstype=\"layer\"><div class=\"n2-ss-item-content n2-ss-text n2-ow-all\"><div class=\"\"><p class=\"n2-font-c4d2ce81304aa3c34954426cc2a83b8b-paragraph   \">gerne k\u00f6nnen wir Ihre Bestellungen auch bequem zu Ihnen nach Hauses liefern.<\/p>\n<p class=\"n2-font-c4d2ce81304aa3c34954426cc2a83b8b-paragraph   \">Aber nicht nur unsere Artikel k\u00f6nnen auf den Versand-Weg gebracht werden<\/p>\n<p class=\"n2-font-c4d2ce81304aa3c34954426cc2a83b8b-paragraph   \">Mit dem Team vom S.K.T. Kurier und Transportservice \u00fcbernehmen wir vom Overnight-Versant, Abholungen und Direktfahrten auch Kleintier-Transporte.<\/p>\n<\/div><\/div><\/div><div class=\"n2-ss-layer n2-ow n-uc-YkZs6VPD5ziq n2-ss-layer--auto\" data-pm=\"normal\" data-sstype=\"layer\"><div class=\"n2-ss-button-container n2-ss-item-content n2-ow n2-font-eda30a326be327b218ae3fb8c616adf4-link  n2-ss-nowrap n2-ss-button-container--non-full-width\"><a class=\"n2-style-1a5b74c1a070e82bad8ed3dfd9217329-heading  n2-ow \" target=\"_blank\" href=\"https:\/\/SKT-Regensburg.de\"><div><div>www.skt-regensburg.de<\/div><\/div><\/a><\/div><\/div><\/div><\/div><div class=\"n2-ss-layer n2-ow n-uc-13116e89e3503\" data-pm=\"default\" data-sstype=\"col\"><div class=\"n2-ss-layer-col n2-ss-layer-with-background n2-ss-layer-content n-uc-13116e89e3503-inner\"><div class=\"n2-ss-layer n2-ow n-uc-QxNMxt9LM30I\" data-pm=\"normal\" data-sstype=\"layer\"><div class=\" n2-ss-item-image-content n2-ss-item-content n2-ow-all\"><img decoding=\"async\" id=\"n2-ss-2item8\" alt=\"\" class=\"skip-lazy\" loading=\"lazy\" width=\"1024\" height=\"486\" data-skip-lazy=\"1\" src=\"\/\/www.honke-kfz.de\/wp-content\/uploads\/2020\/09\/SKThead_2020-1024x486-1.jpg\" \/><\/div><\/div><\/div><\/div><\/div><\/div><\/div><\/div><\/div><\/div><\/div><\/div>                    <\/div>\n\n                                    <\/div>\n            <\/div>\n        <\/div>\n        <div class=\"n2-ss-slider-controls n2-ss-slider-controls-absolute-left-center\"><div style=\"--widget-offset:5px;\" class=\"n2-ss-widget nextend-arrow n2-ow-all nextend-arrow-previous  nextend-arrow-animated-fade\" data-hide-mobileportrait=\"1\" id=\"n2-ss-2-arrow-previous\" role=\"button\" aria-label=\"previous arrow\" tabindex=\"0\"><img loading=\"lazy\" decoding=\"async\" width=\"32\" height=\"32\" class=\"skip-lazy\" data-skip-lazy=\"1\" src=\"data:image\/svg+xml;base64,PHN2ZyB3aWR0aD0iMzIiIGhlaWdodD0iMzIiIHZpZXdCb3g9IjAgMCAzMiAzMiIgeG1sbnM9Imh0dHA6Ly93d3cudzMub3JnLzIwMDAvc3ZnIj4KICAgIDxwYXRoIGQ9Ik0xMS40MzMgMTUuOTkyTDIyLjY5IDUuNzEyYy4zOTMtLjM5LjM5My0xLjAzIDAtMS40Mi0uMzkzLS4zOS0xLjAzLS4zOS0xLjQyMyAwbC0xMS45OCAxMC45NGMtLjIxLjIxLS4zLjQ5LS4yODUuNzYtLjAxNS4yOC4wNzUuNTYuMjg0Ljc3bDExLjk4IDEwLjk0Yy4zOTMuMzkgMS4wMy4zOSAxLjQyNCAwIC4zOTMtLjQuMzkzLTEuMDMgMC0xLjQybC0xMS4yNTctMTAuMjkiCiAgICAgICAgICBmaWxsPSIjZmZmZmZmIiBvcGFjaXR5PSIwLjgiIGZpbGwtcnVsZT0iZXZlbm9kZCIvPgo8L3N2Zz4=\" alt=\"previous arrow\"><\/div><\/div><div class=\"n2-ss-slider-controls n2-ss-slider-controls-absolute-right-center\"><div style=\"--widget-offset:5px;\" class=\"n2-ss-widget nextend-arrow n2-ow-all nextend-arrow-next  nextend-arrow-animated-fade\" data-hide-mobileportrait=\"1\" id=\"n2-ss-2-arrow-next\" role=\"button\" aria-label=\"next arrow\" tabindex=\"0\"><img loading=\"lazy\" decoding=\"async\" width=\"32\" height=\"32\" class=\"skip-lazy\" data-skip-lazy=\"1\" src=\"data:image\/svg+xml;base64,PHN2ZyB3aWR0aD0iMzIiIGhlaWdodD0iMzIiIHZpZXdCb3g9IjAgMCAzMiAzMiIgeG1sbnM9Imh0dHA6Ly93d3cudzMub3JnLzIwMDAvc3ZnIj4KICAgIDxwYXRoIGQ9Ik0xMC43MjIgNC4yOTNjLS4zOTQtLjM5LTEuMDMyLS4zOS0xLjQyNyAwLS4zOTMuMzktLjM5MyAxLjAzIDAgMS40MmwxMS4yODMgMTAuMjgtMTEuMjgzIDEwLjI5Yy0uMzkzLjM5LS4zOTMgMS4wMiAwIDEuNDIuMzk1LjM5IDEuMDMzLjM5IDEuNDI3IDBsMTIuMDA3LTEwLjk0Yy4yMS0uMjEuMy0uNDkuMjg0LS43Ny4wMTQtLjI3LS4wNzYtLjU1LS4yODYtLjc2TDEwLjcyIDQuMjkzeiIKICAgICAgICAgIGZpbGw9IiNmZmZmZmYiIG9wYWNpdHk9IjAuOCIgZmlsbC1ydWxlPSJldmVub2RkIi8+Cjwvc3ZnPg==\" alt=\"next arrow\"><\/div><\/div><div class=\"n2-ss-slider-controls n2-ss-slider-controls-absolute-center-bottom\"><div style=\"--widget-offset:5px;\" class=\"n2-ss-widget n2-ss-control-bullet n2-ow-all n2-ss-control-bullet-horizontal\" data-hide-mobileportrait=\"1\"><div class=\" nextend-bullet-bar n2-bar-justify-content-center\" role=\"group\" aria-label=\"Choose slide to display.\"><div class=\"n2-bullet n2-style-ea99b4d0fd859b2164a6c7ffa9ba224e-dot \" style=\"visibility:hidden;\"><\/div><\/div><\/div><\/div><\/div><div class=\"n2-ss-slider-controls n2-ss-slider-controls-below\"><div class=\"n2-ss-widget nextend-shadow n2-ow-all\"><img decoding=\"async\" width=\"1120\" height=\"50\" style=\"display: block; width:100%;max-width:none;\" class=\"nextend-shadow-image skip-lazy\" loading=\"lazy\" data-skip-lazy=\"1\" src=\"https:\/\/www.honke-kfz.de\/wp-content\/plugins\/smart-slider-3\/Public\/SmartSlider3\/Widget\/Shadow\/ShadowImage\/Assets\/shadow\/dark.png\" alt=\"Shadow\"><\/div><\/div><\/div><\/div><ss3-loader><\/ss3-loader><\/div><\/div><div class=\"n2_clear\"><\/div><\/div>\n\n\n<p><\/p>\n","protected":false},"excerpt":{"rendered":"<p>Herzlich Willkommen Das Team von Honke-KFZ begr\u00fc\u00dft Sie recht herzlich!Wir k\u00fcmmern uns gerne um die Weh-weh-chen Ihres Fahrzeugs, vom \u00d6lwechsel bis hin zu verschiedenen Reparaturen. Falls Ihr Fahrzeug noch ein paar Upgrades vertragen kann, beraten wir Sie gerne \u00fcber die M\u00f6glichkeiten KFZ-Service zu unserem Service geh\u00f6ren \u00d6lwechsel Reifenwechsel Reifeneinlagerung Reparaturen T\u00dcV Vorbereitung Kameranachr\u00fcstung Lorem ipsum dolor sit amet, consectetur adipiscing elit. Nullam sit amet metus a massa vulputate pharetra sagittis et ex. Nullam sed ligula quis nulla suscipit pellentesque. Integer facilisis mauris vel turpis congue ullamcorper. Donec dignissim dapibus sollicitudin. Quisque feugiat purus lacus, sed pharetra mi pharetra non. Quisque &#8230; <a title=\"Herzlich Willkommen bei\" class=\"read-more\" href=\"https:\/\/www.honke-kfz.de\/\" aria-label=\"Mehr Informationen \u00fcber Herzlich Willkommen bei\">erfahren Sie mehr &#8230;<\/a><\/p>\n","protected":false},"author":1,"featured_media":0,"parent":0,"menu_order":0,"comment_status":"closed","ping_status":"closed","template":"","meta":{"footnotes":""},"class_list":{"0":"post-27","1":"page","2":"type-page","3":"status-publish","5":"no-featured-image-padding"},"_links":{"self":[{"href":"https:\/\/www.honke-kfz.de\/index.php\/wp-json\/wp\/v2\/pages\/27","targetHints":{"allow":["GET"]}}],"collection":[{"href":"https:\/\/www.honke-kfz.de\/index.php\/wp-json\/wp\/v2\/pages"}],"about":[{"href":"https:\/\/www.honke-kfz.de\/index.php\/wp-json\/wp\/v2\/types\/page"}],"author":[{"embeddable":true,"href":"https:\/\/www.honke-kfz.de\/index.php\/wp-json\/wp\/v2\/users\/1"}],"replies":[{"embeddable":true,"href":"https:\/\/www.honke-kfz.de\/index.php\/wp-json\/wp\/v2\/comments?post=27"}],"version-history":[{"count":9,"href":"https:\/\/www.honke-kfz.de\/index.php\/wp-json\/wp\/v2\/pages\/27\/revisions"}],"predecessor-version":[{"id":75,"href":"https:\/\/www.honke-kfz.de\/index.php\/wp-json\/wp\/v2\/pages\/27\/revisions\/75"}],"wp:attachment":[{"href":"https:\/\/www.honke-kfz.de\/index.php\/wp-json\/wp\/v2\/media?parent=27"}],"curies":[{"name":"wp","href":"https:\/\/api.w.org\/{rel}","templated":true}]}}